{"id":32,"date":"2018-10-24T16:41:20","date_gmt":"2018-10-24T14:41:20","guid":{"rendered":"http:\/\/bajeczka.natropiezdumienia.com\/czyzyny\/?page_id=32"},"modified":"2023-04-25T20:42:11","modified_gmt":"2023-04-25T18:42:11","slug":"rekrutacja","status":"publish","type":"page","link":"https:\/\/bajeczka.krakow.pl\/czyzyny\/rekrutacja\/","title":{"rendered":"Rekrutacja"},"content":{"rendered":"\t\t<div data-elementor-type=\"wp-post\" data-elementor-id=\"32\" class=\"elementor elementor-32 elementor-bc-flex-widget\">\n\t\t\t\t\t\t<section class=\"elementor-section elementor-top-section elementor-element elementor-element-5d0dc29 elementor-section-boxed elementor-section-height-default elementor-section-height-default\" data-id=\"5d0dc29\" data-element_type=\"section\">\n\t\t\t\t\t\t<div class=\"elementor-container elementor-column-gap-default\">\n\t\t\t\t\t<div class=\"elementor-column elementor-col-100 elementor-top-column elementor-element elementor-element-1431e62\" data-id=\"1431e62\" data-element_type=\"column\">\n\t\t\t<div class=\"elementor-widget-wrap elementor-element-populated\">\n\t\t\t\t\t\t<div class=\"elementor-element elementor-element-0e677a8 elementor-widget elementor-widget-text-editor\" data-id=\"0e677a8\" data-element_type=\"widget\" data-widget_type=\"text-editor.default\">\n\t\t\t\t<div class=\"elementor-widget-container\">\n\t\t\t\t\t\t\t<p><span style=\"color: #000000;\"><span style=\"font-family: Tahoma, sans-serif;\"><span style=\"font-size: medium;\">&#8211; Pierwsze\u0144stwo w naborze maj\u0105 dzieci ju\u017c ucz\u0119szczaj\u0105ce do Przedszkola i ich rodze\u0144stwo.<\/span><\/span><\/span><\/p>\n<p><span style=\"color: #000000;\"><span style=\"font-family: Tahoma, sans-serif;\"><span style=\"font-size: medium;\">&#8211; Podstaw\u0105 zg\u0142oszenia dziecka do Przedszkola jest wype\u0142nienie i z\u0142o\u017cenie &#8222;Karty zapisu dziecka&#8221;.<\/span><\/span><\/span><\/p>\n<p><span style=\"color: #000000;\"><span style=\"font-family: Tahoma, sans-serif;\"><span style=\"font-size: medium;\">&#8211; Warunkiem skutecznej rezerwacji miejsca jest wp\u0142ata zaliczki w wysoko\u015bci wpisowego.<\/span><\/span><\/span><\/p>\n<p><span style=\"color: #000000;\"><span style=\"font-family: Tahoma, sans-serif;\"><span style=\"font-size: medium;\">&#8211; Istnieje mo\u017cliwo\u015b\u0107 wpisu dziecka na list\u0119 rezerwow\u0105 i przyj\u0119cia do Przedszkola w przypadku zwolnienia miejsca.<\/span><\/span><\/span><\/p>\t\t\t\t\t\t<\/div>\n\t\t\t\t<\/div>\n\t\t\t\t\t<\/div>\n\t\t<\/div>\n\t\t\t\t\t<\/div>\n\t\t<\/section>\n\t\t\t\t<\/div>\n\t\t","protected":false},"excerpt":{"rendered":"<p>&#8211; Pierwsze\u0144stwo w naborze maj\u0105 dzieci ju\u017c ucz\u0119szczaj\u0105ce do Przedszkola i ich rodze\u0144stwo. &#8211; Podstaw\u0105 zg\u0142oszenia dziecka do Przedszkola jest wype\u0142nienie i z\u0142o\u017cenie &#8222;Karty zapisu dziecka&#8221;. &#8211; Warunkiem skutecznej rezerwacji miejsca jest wp\u0142ata zaliczki w<a class=\"read-more\" href=\"https:\/\/bajeczka.krakow.pl\/czyzyny\/rekrutacja\/\">Continue reading<\/a><\/p>\n","protected":false},"author":1,"featured_media":0,"parent":0,"menu_order":0,"comment_status":"closed","ping_status":"closed","template":"page-templates\/page_fullwidth.php","meta":{"footnotes":""},"class_list":["post-32","page","type-page","status-publish","hentry"],"_links":{"self":[{"href":"https:\/\/bajeczka.krakow.pl\/czyzyny\/wp-json\/wp\/v2\/pages\/32","targetHints":{"allow":["GET"]}}],"collection":[{"href":"https:\/\/bajeczka.krakow.pl\/czyzyny\/wp-json\/wp\/v2\/pages"}],"about":[{"href":"https:\/\/bajeczka.krakow.pl\/czyzyny\/wp-json\/wp\/v2\/types\/page"}],"author":[{"embeddable":true,"href":"https:\/\/bajeczka.krakow.pl\/czyzyny\/wp-json\/wp\/v2\/users\/1"}],"replies":[{"embeddable":true,"href":"https:\/\/bajeczka.krakow.pl\/czyzyny\/wp-json\/wp\/v2\/comments?post=32"}],"version-history":[{"count":3,"href":"https:\/\/bajeczka.krakow.pl\/czyzyny\/wp-json\/wp\/v2\/pages\/32\/revisions"}],"predecessor-version":[{"id":262,"href":"https:\/\/bajeczka.krakow.pl\/czyzyny\/wp-json\/wp\/v2\/pages\/32\/revisions\/262"}],"wp:attachment":[{"href":"https:\/\/bajeczka.krakow.pl\/czyzyny\/wp-json\/wp\/v2\/media?parent=32"}],"curies":[{"name":"wp","href":"https:\/\/api.w.org\/{rel}","templated":true}]}}